4*p + 40. Let h = -1 + u. Suppose 0 = h*l - 2*n - 82, 2*l + n - 44 = -n. Calculate the highest common factor of 144 and l.
18
Suppose n = 4*y - 27, -2*n + 3 = -y + 15. Let q be (40/y)/((-1)/3). Let a = 41 + q. What is the greatest common factor of 63 and a?
21
Suppose 7670 - 906 = 19*n. What is the highest common divisor of 89 and n?
89
Let d(q) = -7*q. Let m be d(-4). Let a = 20 + -17. Suppose -a*p = 4*h - 569, 146 = -3*h + 4*h + 2*p. What is the greatest common factor of h and m?
28
Suppose u + 1 = -0*u. Let g be -3 + 9 + 1 + u. Let j = 17 - 14. Calculate the highest common factor of j and g.
3
Let a(y) = 8*y + 18. Let n be a(19). Let z be 1/2 + 405/6. Calculate the highest common divisor of n and z.
34
Let k(s) = s**3 - 5*s**2 + 6*s + 4. Let l be k(3). What is the greatest common divisor of 16 and l?
4
Let p be ((-98)/147)/(3/((-5994)/4)). What is the highest common factor of 74 and p?
37
Suppose -2*o = 3*o - 30. Let g(u) = -4 - 56*u - 11 + 73*u. Let c be g(o). What is the highest common divisor of c and 58?
29
Let w = -16 + 32. Let q be (w/20)/(6/45). Calculate the greatest common divisor of 24 and q.
6
Let j(g) = g**3 - g**2 - 2. Let i be j(2). Suppose -u = i*u - 12. Let z be 10/u*42/35. Calculate the highest common divisor of 3 and z.
3
Let w(k) = 8*k + 12. Let c be (-12)/(-4) + 2*1. Let d be w(c). Calculate the highest common factor of 13 and d.
13
Suppose 0 = -6*o + 9*o - 594. What is the highest common divisor of o and 22?
22
Let l = 23 + 27. Calculate the highest common divisor of l and 40.
10
Let i be ((-7)/3)/(2/12). Let j(l) = -4*l + 26. Let p be j(7). Let a = p - i. What is the highest common factor of 4 and a?
4
Suppose -35*n + 1012 = -5008. What is the greatest common divisor of n and 473?
43
Suppose 4*h - 3*n + 2 = -h, -2*n - 6 = 4*h. Let i be 1*h + 27/(-9) - -32. What is the highest common factor of 42 and i?
14
Let b be 10*20/350*7. What is the highest common divisor of 196 and b?
4
Let a(j) = -21*j - 104. Let s be a(-19). What is the highest common divisor of 10 and s?
5
Let o(g) = -g**2 + 15*g + 27. Let q be o(16). Calculate the highest common factor of q and 341.
11
Let v(t) = -74*t + 5. Let h be v(-2). Let f be h/34*(4 - 0). Let j = -9 - -15. Calculate the highest common divisor of f and j.
6
Let z = -274 + 328. Calculate the highest common factor of z and 864.
54
Let r be (-1 + -54)/((-5)/2 - -2). What is the highest common factor of 50 and r?
10
Let t(j) = -12*j**3 + j**2 - 1. Let k be t(-1). Suppose 3*x = -k, 0 = l + 3*x - 0 - 8. Calculate the highest common divisor of 60 and l.
20
Suppose -5*i = h - 69, 5*i + 176 = -0*h + 4*h. Suppose -2*g - 47 = -h. Calculate the greatest common factor of g and 9.
1
Let a be 23 + (-1 - -4*49/(-28)). What is the greatest common factor of 45 and a?
15
Suppose -73*p + 78*p - 1035 = 0. What is the greatest common divisor of 23 and p?
23
Let j be 9 - (0 + (11 - 5)). Calculate the greatest common divisor of 291 and j.
3
Let q(d) = d**2 + 7*d + 6. Let p be q(-7). Let o = 41 - 28. Suppose -2*m - 3*r = 2*m - o, 3*m + 4*r = 8. What is the highest common factor of p and m?
2
Suppose h + 18*t = 14*t + 24, -3*t - 31 = -h. What is the greatest common divisor of 91 and h?
7
Suppose -31 = -4*z + 45. Let j(w) = -2*w + 82. Let c be j(3). What is the greatest common divisor of c and z?
19
Let g(l) = -l**3 + 5*l**2 + 6*l - 3. Let j be g(-3). Calculate the highest common divisor of j and 68.
17
Suppose 0 = -6*l + 10*l + 3*t - 7, 0 = l - 5*t - 19. What is the greatest common divisor of l and 8?
4
Let f(i) = i + 39. Let l be f(-10). Let z(t) = -t**2 + 30*t - 8. Let d be z(l). Calculate the highest common factor of 105 and d.
21
Let j = -1440 + 1628. What is the greatest common divisor of 611 and j?
47
Let q be -1 + (3*30)/3. Suppose 7*m - 13 = q. Calculate the greatest common divisor of m and 30.
6
Let q(n) = n**2 + 7*n - 9. Let k be q(-8). Let t(z) = -47*z - 1. Let y be t(k). Suppose -131 - 145 = -4*f. Calculate the highest common divisor of y and f.
23
Let z be (-19 - -9) + 6 - (-559 - -2). Calculate the greatest common factor of z and 79.
79
Let m(q) = q**3 - 5*q**2 + 28*q - 45. Let d be m(4). What is the greatest common divisor of 357 and d?
51
Let m be 6/(2 - (-178)/(-92)). Let l = m - 76. Let n(c) = -28*c + 4. Let f be n(-5). What is the greatest common divisor of f and l?
16
Let r be (4/3)/((-2)/(-3)). Let n(u) = 14*u + 5. Let s be n(0). What is the greatest common divisor of s and r?
1
Suppose -4*i = -h - 8, 5*h - i - 45 = 2*i. Suppose -h = -7*u + 4*u. Let g be (-132)/(-21) - u/14. Calculate the greatest common divisor of 3 and g.
3
Let m = 277 + -262. Calculate the greatest common divisor of 12 and m.
3
Suppose 12*x = 171 + 369. Let j(p) = p**2 - 3*p - 9. Let z be j(6). Calculate the greatest common factor of z and x.
9
Let j(p) = -10*p - 17. Let g(n) = -30*n - 50. Let y(a) = -4*g(a) + 11*j(a). Let v be y(5). Suppose 2*u = 5 + 9. What is the greatest common divisor of v and u?
7
Suppose 4*x = -4, -g = x - 34 - 0. Let h = -8248 + 8253. Calculate the highest common factor of h and g.
5
Let a(q) = -6*q + 65. Let n be a(8). Suppose 0 = -23*t + n*t + 570. What is the greatest common divisor of t and 19?
19
Let t be ((-13)/(-2) - 2) + (-4)/8. Suppose t*q = 4*m + 324 - 128, 3*m - 196 = -4*q. What is the greatest common divisor of q and 14?
7
Let b(l) = -l**3 + 20*l**2 - 27*l - 24. Let c be b(18). What is the highest common factor of c and 345?
69
Suppose -z - 3*k + 1239 = 2*z, 4*z - 3*k = 1666. Calculate the greatest common divisor of z and 25.
5
Suppose 3*g - 6*g - 6 = 0. Let r be g/10 - 3332/(-10). Calculate the highest common divisor of 37 and r.
37
Let k = 9 - -5. What is the greatest common factor of 21 and k?
7
Let r be 2/3*74*3. Calculate the greatest common divisor of 2 and r.
2
Let r(j) = 23*j - 32. Let l be r(2). Let p be (-1 + 57/(-6))*-8. What is the highest common factor of p and l?
14
Let o(r) = 34*r - 100. Let i be o(4). Let b be (-29 - 0 - -2)*-1. Calculate the highest common factor of i and b.
9
Let b(u) = u - 17. Let f be b(8). Let x be (f/4)/(6/16). Let c be 26/3 - (-4)/x. What is the highest common factor of c and 4?
4
Suppose 270 = 5*u - 0*u. Let y be 0 + 41 + 3 - 3. Suppose 0 = -2*d - 2*b + 7*b + 67, -5*b + y = d. Calculate the greatest common factor of u and d.
18
Suppose 0 = 10*g - 15 - 75. What is the greatest common divisor of 90 and g?
9
Let g = 43 + 1. Let z be 64/3 + 10/15. What is the highest common factor of z and g?
22
Let l = 636 - 555. What is the greatest common factor of 3 and l?
3
Suppose 6 + 228 = 13*r. Calculate the highest common factor of 36 and r.
18
Let y = 18 - 13. Let g be (-152)/6 - y/(-15). Let n be -2 - 0 - g/1. Calculate the greatest common factor of 161 and n.
23
Let d(r) = -r**2 + 5*r + 14. Let n be d(7). Let j(c) = -c - 2*c + 216 - 2*c + 3*c. Let x be j(n). What is the highest common divisor of x and 27?
27
Let y be (-13)/(-3) - 1/3*-2. Suppose 2*a - y*w = -22 + 86, 0 = -3*a + 3*w + 96. Calculate the greatest common divisor of a and 16.
16
Let b = -21 + 25. Suppose s - 35 = 1. Let i = s + -20. What is the highest common divisor of i and b?
4
Suppose -16*j + 13*j = 0. Let u be (j + 2)*(-153)/18. Let n = 21 + u. What is the highest common factor of 2 and n?
2
Let n(c) = -5*c + 96. Let k be n(8). What is the highest common divisor of 14 and k?
14
Suppose -9*k + 7*k = -54. Calculate the highest common factor of 1 and k.
1
Let s = 41 + -73. Let c be (3/(-1))/(6/s). Calculate the greatest common divisor of 16 and c.
16
Suppose -2*i - 4*z + 1096 = 0, 2073 = 5*i - z - 623. What is the greatest common divisor of 40 and i?
20
Let v = 2 + 20. Suppose 4*c + 12 = -d, 5*c = 4*c - 5*d - v. Let i be 0 - c - (0 - 206). Calculate the greatest common factor of 26 and i.
26
Let k = 415 - 275. Suppose 0*y - 4*y + k = 0. Suppose -q + 4*q - y = -2*f, 4*f = 5*q + 15. Calculate the highest common divisor of 10 and f.
10
Suppose -15*m + 29 + 571 = 0. Let v(x) = -x**2 + 9*x - 2. Let y be v(6). Calculate the highest common divisor of y and m.
8
Let d = 96 - 99. Let j be 4*(d + 27 - 3). What is the highest common factor of j and 24?
12
Suppose -5*p - 4*q + 2 + 0 = 0, -q = 3*p + 3. Let z be p/(-3)*(-3 - -6). Let f = 9 + z. What is the highest common factor of 11 and f?
11
Let 